 of h and 140?
10
Suppose -11*x + 6*x + 175 = 0. What is the highest common divisor of x and 7?
7
Let w(p) = p**2 + 5*p - 10. Let r be w(-8). Let f = r + -2. Calculate the greatest common factor of 96 and f.
12
Let z be ((-6)/(-18))/(1/6). Let n be (-4 - -2) + 6/z. Calculate the greatest common divisor of n and 3.
1
Let l be 1*-1 + 4 + -2. Suppose 0*d + 5*w = 4*d + 8, -5*w + 11 = -3*d. What is the highest common divisor of d and l?
1
Suppose -2*k + 9 - 1 = 0. Let o = k - 2. Suppose 0 = -3*r + o*r - 3*w + 5, -3*w = -3*r + 3. What is the greatest common divisor of r and 1?
1
Let r be 2/5 + (-216)/15. Let c = 5 + r. Let s be ((-6)/2)/(c/6). Calculate the highest common factor of s and 18.
2
Let d be 3 + 3 + -7 + 2. Let g(f) be the first derivative of f**2 - 2*f - 1. Let k be g(3). What is the greatest common divisor of d and k?
1
Suppose 4*w + 4*a - 16 = 0, 3*a + a = 0. Suppose 50 = j - w. Suppose -f - j = -4*f. Calculate the greatest common divisor of 144 and f.
18
Suppose 4*y + d = 137, -2*y + 2*d + 58 = 6*d. What is the highest common factor of 70 and y?
35
Let y = 1 + 2. Let g be (20/y)/(3/27). Calculate the greatest common factor of 12 and g.
12
Suppose 960 + 1080 = 12*g. What is the highest common factor of 68 and g?
34
Suppose z - 5 = -3*y, -4*y + 23 = -3*y - 5*z. Let v be y - (30/(-3) - -2). What is the highest common factor of v and 55?
11
Let c = 0 - -6. Calculate the greatest common divisor of 54 and c.
6
Suppose 2*m - 58 = -2*f, 2*f - 2*m = -m + 61. Let y = 3 - 3. Let l = 20 + y. What is the greatest common factor of l and f?
10
Suppose s - 4*s + 84 = 0. Suppose -3*n + 67 = -5*p, -n - 3*p + 2*p = -9. Calculate the highest common factor of n and s.
14
Suppose -4*b + 58 = -54. Calculate the greatest common factor of b and 42.
14
Suppose -w + j + 46 = 0, -8 = w + j - 58. What is the greatest common factor of 6 and w?
6
Let k(f) = -4*f - 1. Let m be 5/(-3) + 4/6. Let s be k(m). Let b = 9 + s. Calculate the greatest common factor of b and 108.
12
Let s = -82 - -157. Suppose -3*l + 2*r = -55, 5*l + r - 80 = 2*r. What is the highest common factor of s and l?
15
Let n(m) = -m**3 - 4*m**2 - m + 3. Let s be n(-3). Let z be 24*1*(-19)/s. Suppose -5*a = -z + 62. Calculate the highest common divisor of 6 and a.
6
Let q = 17 - 8. Suppose -2*b + 5 + 1 = 0. What is the highest common factor of q and b?
3
Let t = -31 - -55. What is the highest common divisor of t and 24?
24
Suppose -5*z - 672 = -12*z. What is the greatest common divisor of 24 and z?
24
Let s = -1 - -13. Calculate the greatest common factor of s and 48.
12
Suppose -c + 2*k = 3*k - 25, 2*k = -4. Calculate the greatest common divisor of c and 3.
3
Suppose -3*r + 4*r + w - 23 = 0, 0 = r - 4*w - 3. What is the greatest common divisor of r and 133?
19
Let t(o) = o**3 + 2*o**2 - 9*o - 18. Let c be t(8). What is the highest common factor of 50 and c?
50
Let f be 85/10 - (-3)/(-6). Suppose y - f + 4 = 0. What is the highest common divisor of 10 and y?
2
Let t(v) = -2*v - 8. Let z be t(-7). Suppose -k - z = 5*y, 2*k - 2*y + 3 = -3*y. Let d be (k*3)/((-2)/2). Calculate the highest common factor of 33 and d.
3
Let n(j) = j**3 + 7*j**2. Let k be n(-6). Calculate the highest common divisor of k and 12.
12
Let v = 44 - -13. Let q = 104 - v. Let s be q/4 + 7/28. Calculate the highest common factor of 3 and s.
3
Let g(d) = 2*d**3 - 4*d**2 - 2*d + 4. Let n be g(3). Calculate the highest common factor of n and 4.
4
Let l(u) be the third derivative of 13*u**5/60 + u**4/24 - u**3/3 - 5*u**2. Let j be l(-2). Calculate the greatest common factor of 16 and j.
16
Let v be 6*(-3 + 12/3). Suppose 1 = -d - b, 5 = -d + 4*b - 6*b. Calculate the highest common divisor of v and d.
3
Let g(i) = -3*i + 3. Let w be g(-8). Suppose 29 = 4*b + 4*a + 1, -3*a + 12 = 0. Calculate the highest common divisor of w and b.
3
Suppose -d + 54 = 24. Let k be 1395/7 + (-4)/14. Let x = k - 124. Calculate the greatest common factor of x and d.
15
Suppose -968 = -5*o - 3*o. Let l = 2 - -10. Let p be l - (1 + (-1 - -1)). What is the greatest common divisor of o and p?
11
Suppose -3*m + 840 = 5*g, 3*g - 4*g + 185 = 4*m. Calculate the highest common divisor of 11 and g.
11
Let k(w) = 2*w + 7. Let j be k(0). Let z be -2 - -4*j - 0. Calculate the highest common factor of z and 13.
13
Let i(u) = -u + 4. Let h be i(-4). Let t(z) = 4*z - 3. Let v be t(8). Let g be v/2 + 6/4. What is the greatest common divisor of g and h?
8
Suppose -3 + 9 = 2*q. Suppose -3*o = -5*b + 26, -b = 4*o - q - 16. Calculate the greatest common divisor of 7 and b.
7
Let v = 4 + -4. Suppose 0*z + 3*z - 75 = v. Let n be (-1)/2 + z/2. Calculate the highest common divisor of 84 and n.
12
Let z = 36 - 9. Let q(j) = -2*j + 6. Let o be q(-3). Suppose -2*r = 2*r - o. Calculate the highest common factor of z and r.
3
Let j be (-34)/(-6) + 28/21. Let q be 229/7 + 2/j. Calculate the highest common divisor of 3 and q.
3
Suppose 0 = -5*q - 9 + 14. What is the highest common factor of 5 and q?
1
Let f be (1 + 0)*(10 - 5). Let u = 351 - 241. Suppose -4*p + 2*p = -u. What is the highest common factor of f and p?
5
Suppose 5*d + 5*v = -0*v + 175, -d + 29 = 3*v. Let l = -14 + d. Calculate the highest common factor of 8 and l.
8
Let i = 5 - 2. Let c be 2 + ((-12)/(-3) - 1). Suppose 2*j = i*j - 2*q + 1, -9 = -c*j + 3*q. Calculate the highest common factor of j and 3.
3
Suppose -58 = -3*t + 4*j, 2*t - 4*j - 47 = -3*j. Suppose -3*w + r + 243 = 4*r, 4*r = 5*w - 378. What is the greatest common divisor of t and w?
26
Suppose -3*u - 7 = 5*x, -5*u - 5*x = -8*u + 43. Let k = -97 + 163. What is the greatest common divisor of k and u?
6
Suppose 2*r = 9*r - 56. Let x = 28 + -12. What is the highest common factor of r and x?
8
Let p(u) = u**3 - 12*u**2 + 12*u - 8. Let o be p(11). What is the greatest common divisor of 24 and o?
3
Let l be 45/(1 + 2) + 0. Let v be (-242)/(-10) + (-3)/l. What is the greatest common divisor of 6 and v?
6
Suppose 4*c + 21 = c. Let v = 11 + c. Calculate the greatest common factor of v and 12.
4
Let p = -13 - -25. Suppose -6 = 2*q, -27 = -3*y + 2*y + 5*q. What is the highest common factor of p and y?
12
Suppose -5*r - 40 = -9*r. What is the highest common divisor of 8 and r?
2
Suppose -r + 0*q + 2*q + 32 = 0, -4*r = 3*q - 117. What is the highest common divisor of 10 and r?
10
Let a(g) = g - 6. Let o be a(-6). Let i be (12/(-3))/(2/o). Calculate the highest common factor of 48 and i.
24
Let z = -23 + 14. Let d be 1*39 + z/3. What is the highest common divisor of 24 and d?
12
Let k = 0 + 19. What is the highest common factor of k and 95?
19
Let b(v) = 2*v**2 + 4*v - 6. Let u be b(-5). Suppose 3*i - u - 9 = -2*f, 4*f - 77 = 5*i. Calculate the highest common divisor of f and 2.
2
Suppose -3*x + 23 = -4. Calculate the highest common factor of 99 and x.
9
Let j(n) = 6*n**2 + 2*n + 17. Let u be j(4). Calculate the highest common divisor of 11 and u.
11
Let v = -10 - -25. Let i be -11*(-4)/(12/v). What is the highest common factor of i and 11?
11
Suppose -969 = -5*t - 19. Suppose -2*v = -u + 78, 0*u - 3*u = 5*v - t. What is the highest common divisor of 14 and u?
14
Suppose -h - 32 = h. Let z be (-244)/h*(1 - -7). Let p be z/14 - (-8)/28. Calculate the greatest common divisor of 1 and p.
1
Let b(q) = q**2 + 2. Let l be b(2). Suppose -1 - 32 = -3*f. Let p = f - l. What is the highest common divisor of 2 and p?
1
Suppose 45 = 5*h - 4*h. Suppose -2*g + 5*g - h = 0. Suppose -p - 2 = -g. What is the highest common factor of 26 and p?
13
Let k = 11 - 1. Calculate the greatest common divisor of k and 10.
10
Suppose -5*v = r + 13, -12 + 1 = -4*r + v. Let p = r + 0. Calculate the highest common divisor of p and 1.
1
Let h = 2 + 4. Let y = 10 - h. Suppose y*c - 11 - 12 = -3*m, -c = 1. Calculate the greatest common factor of 3 and m.
3
Suppose -5*s = s. Suppose -5*f - 26 = -l - s*l, -46 = -l + f. Calculate the greatest common divisor of 34 and l.
17
Let k(h) = h**2 + 24*h - 63. Let y be k(-27). Let p(g) = g**3 - 8*g**2 - 3*g. Let x be p(9). What is the greatest common factor of y and x?
18
Let f be -2 - -49 - 6/6. Calculate the highest common factor of 115 and f.
23
Let c be 15*-1*(-3)/3. Calculate the highest common divisor of c and 150.
15
Suppose -3*i + 3*r = -147, i = 4*r + 11 + 53